{"id":4696,"date":"2026-08-29T15:44:54","date_gmt":"2026-08-29T19:44:54","guid":{"rendered":"https:\/\/ppgeducacaocptl.ufms.br\/?page_id=4696"},"modified":"2026-08-29T15:44:54","modified_gmt":"2026-08-29T19:44:54","slug":"instituicao-de-ensino-superior-de-mocambique","status":"publish","type":"page","link":"https:\/\/ppgeducacaocptl.ufms.br\/en\/instituicao-de-ensino-superior-de-mocambique\/","title":{"rendered":"(Portugu\u00eas do Brasil) Institui\u00e7\u00e3o de Ensino Superior de Mo\u00e7ambique"},"content":{"rendered":"<p class=\"qtranxs-available-languages-message qtranxs-available-languages-message-en\">Sorry, this entry is only available in <a href=\"https:\/\/ppgeducacaocptl.ufms.br\/pb\/wp-json\/wp\/v2\/pages\/4696\" class=\"qtranxs-available-language-link qtranxs-available-language-link-pb\" title=\"Portugu\u00eas do Brasil\">Portugu\u00eas do Brasil<\/a>.<\/p>","protected":false},"excerpt":{"rendered":"<p>Sorry, this entry is only available in Portugu\u00eas do Brasil.<\/p>\n","protected":false},"author":7483,"featured_media":0,"parent":0,"menu_order":0,"comment_status":"closed","ping_status":"closed","template":"","meta":{"footnotes":""},"coauthors":[29],"class_list":["post-4696","page","type-page","status-publish","hentry"],"_links":{"self":[{"href":"https:\/\/ppgeducacaocptl.ufms.br\/en\/wp-json\/wp\/v2\/pages\/4696","targetHints":{"allow":["GET"]}}],"collection":[{"href":"https:\/\/ppgeducacaocptl.ufms.br\/en\/wp-json\/wp\/v2\/pages"}],"about":[{"href":"https:\/\/ppgeducacaocptl.ufms.br\/en\/wp-json\/wp\/v2\/types\/page"}],"author":[{"embeddable":true,"href":"https:\/\/ppgeducacaocptl.ufms.br\/en\/wp-json\/wp\/v2\/users\/7483"}],"replies":[{"embeddable":true,"href":"https:\/\/ppgeducacaocptl.ufms.br\/en\/wp-json\/wp\/v2\/comments?post=4696"}],"version-history":[{"count":1,"href":"https:\/\/ppgeducacaocptl.ufms.br\/en\/wp-json\/wp\/v2\/pages\/4696\/revisions"}],"predecessor-version":[{"id":4702,"href":"https:\/\/ppgeducacaocptl.ufms.br\/en\/wp-json\/wp\/v2\/pages\/4696\/revisions\/4702"}],"wp:attachment":[{"href":"https:\/\/ppgeducacaocptl.ufms.br\/en\/wp-json\/wp\/v2\/media?parent=4696"}],"wp:term":[{"taxonomy":"author","embeddable":true,"href":"https:\/\/ppgeducacaocptl.ufms.br\/en\/wp-json\/wp\/v2\/coauthors?post=4696"}],"curies":[{"name":"wp","href":"https:\/\/api.w.org\/{rel}","templated":true}]}}

(Português do Brasil) Instituição de Ensino Superior de Moçambique

<p class="qtranxs-available-languages-message qtranxs-available-languages-message-en">Sorry, this entry is only available in <a href="https://ppgeducacaocptl.ufms.br/pb/wp-json/wp/v2/pages/4696" class="qtranxs-available-language-link qtranxs-available-language-link-pb" title="Português do Brasil">Português do Brasil</a>.</p>

<p>Sorry, this entry is only available in Português do Brasil.</p>
